4 and 141.
141
Calculate the greatest common divisor of 11298 and 506871589.
1883
Calculate the greatest common divisor of 10711981 and 49.
7
What is the greatest common factor of 5220620 and 36?
4
What is the highest common factor of 1569351 and 6?
3
Calculate the highest common factor of 27261 and 699504.
39
Calculate the greatest common factor of 116555 and 60755.
5
Calculate the greatest common factor of 18902196 and 27065.
5413
What is the greatest common divisor of 61252608 and 4572?
1524
Calculate the highest common factor of 13303942 and 140911.
4859
What is the highest common divisor of 24 and 25289646?
6
Calculate the greatest common factor of 4960 and 4357050.
310
Calculate the greatest common divisor of 93417404 and 5404.
772
What is the greatest common factor of 36 and 67301046?
18
What is the greatest common factor of 188 and 13243378?
94
Calculate the highest common factor of 152064 and 2178.
198
What is the greatest common factor of 793 and 162682?
13
What is the highest common factor of 65102 and 243754?
1514
What is the greatest common factor of 7425 and 608619?
33
What is the greatest common divisor of 1711904 and 610976?
1952
What is the highest common factor of 1297 and 31939922?
1297
What is the greatest common divisor of 21755 and 1045?
95
Calculate the highest common divisor of 28 and 971732.
4
What is the greatest common divisor of 223203 and 17542806?
4749
What is the highest common divisor of 4371038 and 13?
1
Calculate the highest common divisor of 147 and 4859799.
21
What is the highest common divisor of 170 and 237262370?
170
What is the highest common factor of 492 and 169520732?
164
What is the greatest common factor of 117 and 1545661?
13
Calculate the highest common factor of 1468621 and 46123.
77
Calculate the highest common factor of 221322 and 18.
6
Calculate the highest common factor of 701025 and 71175.
975
Calculate the highest common factor of 10824 and 8152276.
1804
Calculate the highest common divisor of 6867 and 87543.
9
Calculate the highest common divisor of 29406 and 27274.
26
What is the highest common divisor of 1843988 and 5705636?
5108
Calculate the greatest common factor of 456 and 2138832.
24
Calculate the greatest common divisor of 1786344 and 803208.
1176
What is the highest common factor of 10 and 14359690?
10
Calculate the highest common factor of 2185 and 111563915.
2185
Calculate the highest common factor of 3746148 and 235704.
1932
What is the highest common factor of 1272 and 17904?
24
What is the greatest common divisor of 7205 and 138942530?
655
What is the highest common divisor of 44 and 36359917?
11
Calculate the greatest common factor of 63434 and 854.
14
Calculate the greatest common divisor of 205375060 and 880.
220
What is the highest common factor of 1194765 and 29172?
429
What is the greatest common factor of 39329244 and 252?
36
What is the highest common divisor of 5712 and 312?
24
What is the highest common factor of 8745 and 1360958115?
8745
Calculate the highest common factor of 11020 and 171722.
38
Calculate the highest common divisor of 17 and 186592663.
17
Calculate the highest common divisor of 17697170 and 29070.
3230
What is the highest common divisor of 11666 and 128019?
307
Calculate the highest common divisor of 2530 and 3481510.
230
Calculate the highest common factor of 750070809 and 342.
171
Calculate the greatest common factor of 2313 and 308065386.
771
Calculate the highest common factor of 900608 and 84096.
128
Calculate the greatest common factor of 253351965 and 30.
15
Calculate the greatest common factor of 38610 and 12855.
15
Calculate the highest common factor of 9 and 190617.
3
Calculate the greatest common factor of 82720 and 59594590.
5170
What is the highest common divisor of 21622 and 461770243?
10811
What is the greatest common factor of 10408 and 75768939?
1301
What is the greatest common divisor of 4895525 and 767?
59
What is the greatest common divisor of 371762 and 41978?
302
Calculate the highest common divisor of 2323679 and 41446.
901
What is the highest common factor of 66050 and 145475?
25
Calculate the highest common divisor of 334061 and 2821.
91
What is the greatest common factor of 136181491 and 229?
229
Calculate the greatest common factor of 86464 and 116438.
14
What is the highest common divisor of 26445 and 71094?
123
What is the greatest common factor of 143 and 1223612?
13
Calculate the greatest common factor of 1298 and 11919204.
22
Calculate the highest common divisor of 569108 and 161768.
292
What is the greatest common divisor of 178704 and 13776?
48
What is the highest common factor of 49251636 and 196?
28
Calculate the greatest common factor of 1556607 and 17925.
717
What is the highest common divisor of 123720 and 2705?
5
Calculate the greatest common divisor of 1717250 and 3975.
25
What is the highest common divisor of 25 and 505235?
5
What is the highest common divisor of 10 and 4318505?
5
What is the greatest common factor of 108 and 541959?
3
Calculate the greatest common divisor of 187498990 and 115.
115
Calculate the greatest common factor of 38342567 and 62.
31
Calculate the highest common factor of 281668175 and 50.
25
Calculate the highest common factor of 89950 and 3217900.
350
Calculate the highest common divisor of 1978793 and 95.
19
Calculate the greatest common divisor of 18644742 and 8105.
1621
What is the greatest common divisor of 28462698 and 1584?
198
Calculate the highest common divisor of 765480 and 2985.
15
Calculate the highest common factor of 62067 and 529533.
51
Calculate the highest common factor of 6 and 717446256.
6
What is the highest common factor of 704 and 7001632?
352
What is the highest common factor of 991170 and 185?
5
Calculate the greatest common divisor of 264 and 8704740.
132
What is the greatest common divisor of 12699346 and 49654?
1342
What is the greatest common factor of 5190 and 269070?
30
What is the highest common divisor of 1053 and 4132193?
13
Calculate the highest common divisor of 1027688 and 568.
8
Calculate the greatest common divisor of 525 and 13013301.
21
Calculate the highest common factor of 480 and 420015.
15
Calculate the greatest common divisor of 966364 and 434.
14
Calculate the highest common factor of 3895 and 3095917.
19
What is the greatest common divisor of 1256 and 3196363?
157
What is the greatest common factor of 96 and 168900384?
96
What is the greatest common divisor of 2278 and 633114?
34
Calculate the highest common factor of 366600 and 34008.
312
Calculate the greatest common divisor of 737683432 and 6296.
6296
What is the greatest common factor of 684 and 11016675?
171
What is the greatest common factor of 46062 and 10299122?
1706
What is the greatest common divisor of 812385 and 28035?
315
What is the highest common factor of 16 and 532210832?
16
Calculate the greatest common divisor of 2924532 and 86112.
468
Calculate the greatest common factor of 12504 and 533268.
12
What is the greatest common factor of 72964 and 199172?
1972
Calculate the highest common factor of 457210 and 3159.
13
What is the highest common divisor of 1005987924 and 678?
678
Calculate the highest common factor of 4385 and 4135.
5
Calculate the highest common divisor of 4788992 and 648989.
1439
Calculate the greatest common factor of 32 and 12420256.
32
What is the highest common factor of 3451 and 16110747?
493
Calculate the greatest common divisor of 16023350 and 175.
175
Calculate the highest common divisor of 13593 and 7619739.
69
What is the greatest common factor of 154 and 161856442?
22
Calculate the greatest common factor of 138542 and 1166.
106
What is the greatest common divisor of 218975 and 23636?
19
What is the highest common factor of 17600 and 67475?
25
Calculate the greatest common factor of 38587 and 1253667.
821
Calculate the greatest common factor of 1293187 and 9324.
259
Calculate the highest common divisor of 564 and 96866718.
282
What is the highest common factor of 2638605 and 150?
15
What is the highest common factor of 3581317 and 137?
137
Calculate the highest common factor of 15322554 and 3726.
1242
Calculate the greatest common divisor of 2132 and 32360.
4
Calculate the greatest common divisor of 29119848 and 84.
12
What is the highest